g = -3*v + 21, 0 = -4*v - 2*g + 58. List the prime factors of 23/(-4 + 51/v).
2, 23
What are the prime factors of 0 + 4*9 + (-70 - -72)?
2, 19
Suppose 18*h - 14*h = 9*h. Suppose -f + 7*f - 840 = h. What are the prime factors of f?
2, 5, 7
Let m(g) = -g - 8 - 11*g**2 - 4*g**2 + 28*g**2. Let f be m(-4). Suppose f = 11*z - 7*z. What are the prime factors of z?
3, 17
Let s(u) = -2*u**3 + 3*u**2 - 3*u - 14. What are the prime factors of s(-8)?
2, 613
Let l(i) = i - 44. Let z be l(-13). Let h = z - -200. What are the prime factors of h?
11, 13
Let t = -21 - -26. Suppose 0 = x - 5, 6*s - 430 = s - t*x. List the prime factors of s.
3
Let l be 36 + 3 + (-5 - -2). Suppose -4*z + 294 = -2*s, 5*z - 368 = -4*s + 6*s. Suppose 3*m = -u - 0*m + l, -2*u - 5*m + z = 0. List the prime factors of u.
2, 3, 7
Let j = -20 - -20. Suppose -2*q + 130 = -j*q. What are the prime factors of ((-104)/q)/(1/(-5))?
2
Let s = 1257 + -874. What are the prime factors of s?
383
Suppose 8*d - 13*d + 25 = 0. Suppose d*h + 134 = 534. What are the prime factors of h?
2, 5
Let r be (-83)/5 + (-8)/20. Let u = -14 - r. List the prime factors of u.
3
List the prime factors of (6281/55)/(4/20).
571
Let y(h) = -2*h**2 - 7*h + 191. What are the prime factors of y(0)?
191
Suppose 45*h + 3*o - 1936 = 44*h, 2*o + 6 = 0. What are the prime factors of h?
5, 389
Let f(v) = v**2 - 8*v + 9. Let w be f(7). Let n = -40 - -42. Suppose -g = -r - 8, -w*r = 5*g - n - 3. What are the prime factors of g?
3
Let z be (-1)/1*(-3 - -3). Suppose 2*q - 5 - 25 = z. What are the prime factors of q?
3, 5
Let f = 175 - -599. What are the prime factors of f?
2, 3, 43
Let p(z) = z - 4. Let t be p(0). Let n = t + 10. Let a = 11 - n. What are the prime factors of a?
5
Let y(l) = 127*l + 3. Let n(k) = 127*k + 2. Let a(f) = 2*n(f) - 3*y(f). List the prime factors of a(-1).
2, 61
Let h(j) = j**3 + 14*j**2 + 11*j + 26. What are the prime factors of h(-9)?
2, 83
Let s(n) = 6*n + 11*n - 3*n. Let h be s(1). Suppose -v = -3*a - 24, -5*a - 42 + h = -v. List the prime factors of v.
2, 3
Let j(z) = -4*z + 7. Let u be j(4). Let l be -3 - -1 - (u + 1). Suppose -l*s + 62 = -124. What are the prime factors of s?
31
Let h = -2286 - -3348. What are the prime factors of h?
2, 3, 59
Suppose 81 = 7*r + 25. Let y(m) = 9*m + 39. List the prime factors of y(r).
3, 37
List the prime factors of (-6 + 5 + 101)/(4/72).
2, 3, 5
Let m(g) = -9*g - 15. Let c be m(6). Let w = c + 115. What are the prime factors of w?
2, 23
Let v = 28 - 14. Suppose -2*h = -g + 5*g + 20, 2*h + v = -2*g. What are the prime factors of (-3 - h)/((-1)/(-23))?
23
Let q = -43 - -37. Let a(f) = 4*f**2 - 9*f - 18. What are the prime factors of a(q)?
2, 3, 5
Let u be -26*3*12/9. What are the prime factors of u/12*(1 + -7)?
2, 13
Let g(n) = -78*n + 731. List the prime factors of g(-56).
5099
Suppose -4*h = -6 - 2. Suppose 3*p = q + q - 165, 3*q + h*p = 254. What are the prime factors of q?
2, 3, 7
Suppose 3*y + 314 - 1901 = k, 5*y + 3*k = 2645. List the prime factors of y.
23
Let h(a) = -8*a + 2. Let s be h(-2). Suppose -u + 2*p = 10, 0 = -3*p - 3 + s. List the prime factors of u + 18 + 2 + 1.
3, 7
Let q(r) = -37*r - 148. What are the prime factors of q(-13)?
3, 37
Suppose -2*n - d = -0*d - 330, 0 = 2*n - d - 338. Suppose 0*h = -2*h - 174. Let w = n + h. List the prime factors of w.
2, 5
Let u(m) = -8*m**3 - 3*m**2 - 3*m - 4. Let y(z) = 9*z**3 + 4*z**2 + 4*z + 5. Let k(o) = -3*u(o) - 2*y(o). What are the prime factors of k(3)?
2, 11
What are the prime factors of 33575/50*(3 + 1)?
2, 17, 79
Suppose 7*n = 638 + 965. List the prime factors of n.
229
Let q = 466 - 386. Let p(b) = b**2 - 4*b + 8. Let g be p(6). Suppose 3*j + 5*n - q = 0, -2*n - g = 2*n. List the prime factors of j.
5, 7
Let c(l) = -l**2 + 12*l - 9. Let q be (-99)/45*10/(-2). Let f be c(q). List the prime factors of -2*8/(f/(-2)).
2
Let o be 1*2 - 12/(-4). Suppose 3*v = o*i - 24, -5*i + 7 = -2*v - 14. Suppose -4*u + 189 = -2*t + 7*t, 0 = i*t + 2*u - 113. List the prime factors of t.
37
Suppose 3*z + 21 + 78 = 0. What are the prime factors of ((-11)/z)/(1/18) + -3?
3
List the prime factors of (-1)/(-8) - (-194522)/304.
2, 5
Let d = 16 + -22. List the prime factors of 68/12 - (-4)/d.
5
Suppose -232 = h + 3*h. Let r = h + 105. What are the prime factors of r?
47
Suppose 0 = -11*x + 10*x - 2*r + 4969, -19831 = -4*x + r. What are the prime factors of x?
3, 19, 29
Suppose -3*o = 12, -3*z + 612 = z - 3*o. Suppose -17*l + z = -12*l. What are the prime factors of l?
2, 3, 5
Let d be ((-13)/(-1) + 1)/(-2). Let g = -13 + d. What are the prime factors of (-23)/(-2) - 10/g?
2, 3
Let r(u) = 167*u**2 - 6*u - 11. What are the prime factors of r(-2)?
3, 223
Let u = 98 - 67. Suppose 0 = j - 19 - u. List the prime factors of j.
2, 5
Suppose 4*i + 3076 = d + 12296, 3*i - d = 6916. List the prime factors of i.
2, 3
Suppose -t - 3*n = -659, -4*t - 787 + 3445 = n. Suppose 7*g = 14*g - t. What are the prime factors of g?
5, 19
Let h(w) = 53*w**2 + 2*w - 2. List the prime factors of h(1).
53
Let s be 4/6 + (-2)/3. Suppose 3*x + 3*a = -s*a + 186, 5*x + 3*a = 320. What are the prime factors of x?
67
Let u = 15 + -12. Suppose u*z = -2*f + 13, 3*z - z - 5*f + 23 = 0. Let o = z - -27. List the prime factors of o.
2, 7
List the prime factors of (25*1 + -13 + 18)/1.
2, 3, 5
Let z = 7 + -1. Suppose z*l + l - 427 = 0. What are the prime factors of l?
61
Let l be 875/(-14) + 1/2. Let a = -60 - l. What are the prime factors of a?
2
List the prime factors of 9/12 - (-9268)/16.
2, 5, 29
Suppose 2*t + 23 = 53. Let r = 22 - t. List the prime factors of r.
7
Suppose 3*z + 42 + 18 = 0. Let x be (-588)/z - 6/(-10). What are the prime factors of (400/x)/((-2)/(-6))?
2, 5
Suppose -1980 - 898 = -5*x - 3*y, 3*y = 5*x - 2902. What are the prime factors of x?
2, 17
Let c = 139 - 71. Let g = c + -37. List the prime factors of g.
31
What are the prime factors of 1079988/414 + (-5)/3?
3, 11, 79
Let g(f) be the first derivative of -10*f**3/3 + 3*f**2/2 - 8*f + 12. Let k be g(6). What are the prime factors of k/(-8) - 1/(-4)?
2, 11
Suppose -2*x = -t + 11, -x + 0*x + 8 = 4*t. Let k(v) = -v**3 + 5*v**2 - 5*v + 4. What are the prime factors of k(t)?
7
Let a = 2654 - 2543. List the prime factors of a.
3, 37
Let k = 247 + 26. What are the prime factors of k?
3, 7, 13
Let a be 3 + 1/(705/(-353) + 2). Suppose 2*g + 4*n = a, g - 4*g + 4*n = -514. List the prime factors of g.
2, 3, 29
Suppose -604 = -2*l + 134. What are the prime factors of l?
3, 41
What are the prime factors of -12*5/120*-4076?
2, 1019
Let p be (-1014)/(-21) + (-4)/14. Let v = -28 + p. Let a = v + -4. What are the prime factors of a?
2
List the prime factors of 152474/77 - -6*(-2)/66.
2, 3, 5, 11
Let w(z) = -4*z**2 + 5. Let q be w(-3). Suppose 5*r + 37 = 4*h - 34, 0 = -2*r + h - 26. Let t = r - q. What are the prime factors of t?
2, 5
Suppose -5*s + 31 = 4*m, -m = -4*s - 0*s + 8. Suppose 3*j - m = j - 4*n, j = -3*n. List the prime factors of ((-88)/j)/((-10)/15).
2, 11
Suppose 0 = x - r - 34, 138 + 56 = 5*x + r. What are the prime factors of x?
2, 19
Suppose -4*q + 4 = -3*q. Suppose -g = q*t - 0*g - 12, 4*g = 4*t + 8. What are the prime factors of t?
2
Let h(a) be the second derivative of -17*a**5/20 - a**4/12 + a**2/2 - 5*a. What are the prime factors of h(-1)?
17
Suppose -5*t + 0*t = -15. Let a(w) = -2*w + 45. Let o(v) = -v + 22. Let k(l) = t*a(l) - 5*o(l). What are the prime factors of k(11)?
2, 7
Let y(k) = -k - 3*k**2 + 5*k**2 + 2 - 5*k - k**2. Let i be y(3). List the prime factors of (-2*3 - 3)*i.
3, 7
Suppose 3*h = 54 + 60. Suppose -h*s + 42*s = 180. What are the prime factors of s?
3, 5
Suppose -5088 = -18*v + 6*v. What are the prime factors of v?
2, 53
List the prime factors of (116 - 2) + -8 + 1.
107
Let m(s) = -s + 11. Let d be m(4). Suppose -d*h + 1500 = -h. List the prime factors of h.
2, 5
Let t be 5166/(-10) + (-4)/10. Let o = t - -842. What are the prime factors of o/15 + (-4)/6?
3, 7
What are the prime factors of 371/(-28)*(-3 + 4)*-4?
53
Suppose -12 = 4*s + 4. List the prime factors of (11 + -7 + (-53)/2)*s.
2, 3, 5
Let h(v) = -v**3 - 16*v**2 - 6. Let d be h(-15). Let q = 415 + d. Suppose q = m + 3*m. List the prime factors of m.
2, 23
Suppose 5*p = 13 + 7. Suppose -2 = y, 2*r + p*y = -r - 